200?
440
Calculate the greatest common factor of 792 and 180216.
72
Calculate the highest common factor of 770 and 1295.
35
What is the highest common divisor of 88094 and 816?
34
Calculate the greatest common divisor of 997837 and 219.
73
What is the greatest common factor of 3109 and 1?
1
Calculate the greatest common factor of 48703 and 113.
113
What is the greatest common divisor of 19551 and 539?
49
What is the greatest common divisor of 1420 and 72136?
284
Calculate the greatest common factor of 21904 and 16.
16
Calculate the highest common divisor of 2701536 and 526.
526
Calculate the highest common divisor of 16 and 478000.
16
Calculate the greatest common divisor of 67659 and 38.
19
What is the greatest common factor of 22 and 2204554?
22
What is the greatest common divisor of 366 and 69474?
6
What is the highest common divisor of 232 and 292117?
29
Calculate the greatest common divisor of 4615 and 213.
71
Calculate the highest common divisor of 28199 and 1903.
173
Calculate the highest common divisor of 2197898 and 1388.
694
Calculate the greatest common divisor of 852982 and 6190.
1238
Calculate the greatest common factor of 864 and 1530144.
864
Calculate the highest common factor of 40 and 11416.
8
What is the greatest common divisor of 1352 and 27716?
676
Calculate the greatest common factor of 1519 and 560609.
49
Calculate the greatest common divisor of 3600 and 6912.
144
Calculate the highest common divisor of 483870 and 195.
15
Calculate the highest common factor of 153102 and 136.
34
What is the highest common divisor of 12 and 174126?
6
What is the highest common factor of 18 and 6449904?
18
What is the greatest common divisor of 885997 and 329?
329
Calculate the greatest common factor of 52507 and 14378.
91
What is the greatest common divisor of 472979 and 13?
13
Calculate the highest common divisor of 301368 and 4872.
696
Calculate the greatest common factor of 913 and 8798.
83
What is the greatest common divisor of 684561 and 4152?
519
What is the highest common divisor of 517 and 20185?
11
Calculate the highest common divisor of 22654 and 4606.
94
What is the greatest common factor of 48 and 78640?
16
What is the greatest common factor of 38402 and 14?
14
What is the greatest common divisor of 5131 and 2634402?
733
Calculate the highest common factor of 1729 and 23023.
91
What is the highest common divisor of 356 and 211019?
89
What is the greatest common divisor of 3055 and 22945?
65
What is the greatest common factor of 17214 and 247?
19
What is the greatest common factor of 1479 and 15498441?
1479
What is the greatest common divisor of 414 and 489?
3
What is the greatest common divisor of 4 and 331234?
2
Calculate the highest common factor of 247 and 832884.
247
What is the greatest common factor of 10890 and 68904?
198
Calculate the highest common factor of 2934234 and 223.
223
Calculate the highest common divisor of 337322 and 23776.
1486
What is the highest common divisor of 24983 and 1344?
7
What is the greatest common divisor of 27 and 946863?
27
What is the greatest common divisor of 1889499 and 204?
51
Calculate the highest common divisor of 396 and 51348.
132
What is the highest common factor of 13705 and 55?
5
What is the greatest common divisor of 40 and 210550?
10
Calculate the highest common factor of 412258 and 154.
154
Calculate the greatest common factor of 50 and 1525275.
25
Calculate the greatest common divisor of 2072357 and 7.
7
Calculate the highest common factor of 13833 and 3654.
261
Calculate the greatest common factor of 14424 and 200.
8
What is the highest common divisor of 204 and 1249296?
204
Calculate the highest common factor of 866457 and 243.
81
What is the highest common factor of 7884 and 3132?
108
Calculate the greatest common factor of 4245 and 242814.
849
What is the highest common divisor of 690072 and 4?
4
Calculate the greatest common divisor of 323350 and 13050.
1450
Calculate the greatest common divisor of 11107 and 87.
29
What is the highest common factor of 63918 and 252?
18
What is the highest common divisor of 28 and 2023532?
28
Calculate the greatest common divisor of 290400 and 165.
165
What is the greatest common divisor of 7579 and 3575?
143
What is the highest common divisor of 63080 and 12?
4
What is the highest common divisor of 1113 and 40929?
21
What is the highest common factor of 2847 and 2470?
13
Calculate the highest common factor of 83601 and 1008.
63
What is the highest common divisor of 948 and 26228?
316
Calculate the greatest common factor of 5134 and 83654.
302
What is the highest common factor of 237998 and 254?
254
Calculate the highest common divisor of 18 and 225030.
6
What is the greatest common factor of 8016 and 2532?
12
What is the highest common factor of 138 and 137954?
46
Calculate the greatest common factor of 2385 and 221985.
45
Calculate the highest common divisor of 169519 and 794.
397
Calculate the greatest common factor of 324 and 22788.
108
Calculate the highest common divisor of 117182 and 13.
13
Calculate the highest common factor of 3666 and 1259130.
282
Calculate the greatest common divisor of 50557 and 871.
13
Calculate the greatest common factor of 97065 and 1438.
719
What is the highest common divisor of 24 and 86514?
6
Calculate the greatest common factor of 543048 and 132.
132
What is the greatest common factor of 4380 and 57?
3
Calculate the greatest common factor of 800 and 768.
32
Calculate the greatest common divisor of 384426 and 1582.
1582
What is the greatest common factor of 16500 and 265650?
1650
Calculate the greatest common factor of 15827 and 2907.
323
Calculate the highest common factor of 57 and 7296.
57
What is the greatest common divisor of 243544 and 168?
56
Calculate the greatest common factor of 311205 and 30.
15
Calculate the highest common divisor of 3220 and 1540.
140
What is the greatest common factor of 1840 and 356730?
230
What is the greatest common divisor of 11939 and 3?
1
What is the highest common factor of 3144 and 818619?
393
Calculate the highest common divisor of 3070 and 23360.
10
Calculate the highest common divisor of 362285 and 55.
55
What is the highest common factor of 20689 and 1105?
17
Calculate the highest common divisor of 7828 and 227924.
76
What is the greatest common divisor of 477 and 3501?
9
Calculate the highest common factor of 296 and 9856.
8
Calculate the greatest common divisor of 89 and 13706.
89
What is the highest common divisor of 148474 and 122?
122
What is the greatest common factor of 5872293 and 1071?
1071
Calculate the highest common factor of 299 and 168337.
299
Calculate the greatest common factor of 86863 and 28.
7
What is the greatest common factor of 199140 and 60?
60
Calculate the greatest common factor of 1484 and 5989.
53
What is the highest common divisor of 756 and 5348?
28
Calculate the highest common divisor of 1191 and 612571.
397
What is the highest common divisor of 248 and 10106?
62
Calculate the greatest common factor of 805536 and 8.
8
What is the highest common factor of 201 and 3633?
3
Calculate the highest common divisor of 276 and 1393869.
69
What is the greatest common factor of 460 and 1404?
4
Calculate the greatest common factor of 11837 and 2128.
133
What is the greatest common factor of 19680 and 66010?
410
Calculate the highest common factor of 296 and 1697079.
37
Calculate the highest common factor of 12183 and 2511.
93
Calculate the highest common divisor of 17380 and 48180.
220
Calculate the highest common divisor of 67265 and 111293.
1223
Calculate the highest common factor of 100 and 1893600.
100
What is the greatest common factor of 2989050 and 300?
150
Calculate the highest common factor of 3432735 and 90.
45
What is the greatest common divisor of 150 and 436850?
50
Calculate the highest common factor of 505778 and 13.
13
What is the greatest common divisor of 35960 and 50840?
1240
What is the highest common factor of 15744 and 69?
3
What is the greatest common factor of 768 and 1896?
24
Calculate the highest common divisor of 4402 and 10082.
142
Calculate the greatest common divisor of 64 and 8344.
8
What is the greatest common factor of 13430 and 29240?
170
Calculate the highest common factor of 44 and 12494614.
22
Calculate t